the third derivative of -f**6/20 + 2*f**2. Calculate h(a).
-6
Suppose 2 = n - 3*p - 2, n + 5*p + 4 = 0. Let b(x) = 0 + 0 - x**2 + n - 3*x. Let l(i) = -i**3 + 3*i - 1. Let v be l(2). What is b(v)?
1
Let f(y) be the third derivative of -y**6/120 - 7*y**5/60 - y**4/4 - 5*y**3/6 - 8*y**2. Calculate f(-6).
-5
Let q(h) = h + 1. Let z(p) = -6*p - 4. Let r(l) = -11*q(l) - 2*z(l). Let j be (2/4)/((-6)/(-36)). Calculate r(j).
0
Let p(z) = z**2 - 6*z - 3. Let l = -19 - -22. Determine p(l).
-12
Let a(b) = b - 4. Let z = -14 - -19. Give a(z).
1
Let u(q) = -5*q + 4. Let b(f) = -f - 1. Let z(x) = -3*b(x) + u(x). What is z(5)?
-3
Let v be (-5 - -4)/(1/(-1)). Let t be (2/6)/(v/12). Let l(f) = -f**3 + 3*f**2 + 5*f - 6. Determine l(t).
-2
Let q(g) = -2*g**2 + 5*g + 3. Let f(a) = -a - 14. Let j be f(-10). Let s = j - -8. What is q(s)?
-9
Let g(l) = l**2 + l - 1. Let z(m) = 3*m**2 - 8*m + 4. Let k(a) = -2*g(a) + z(a). Let s be k(10). Let v(d) = -d**3 + 7*d**2 - 7*d + 6. What is v(s)?
0
Let y(n) = -9 + 4 - 3*n + 4. Calculate y(2).
-7
Suppose -2*n + 2 = -u, 4*u = -4*n + 7*u. Let v(f) be the first derivative of f**n + 1/4*f**4 + 1/2*f**2 - 1 - f. Calculate v(-2).
1
Let g(u) = -2*u**2 + 2*u + 1. Let i = 2 - 0. Calculate g(i).
-3
Let w(v) = -3*v. Let m = 0 - -15. Suppose -3*t - 2*t + m = 0. Suppose 3*d + t = 12. Give w(d).
-9
Let h be (-104)/(-56) + 2/14. Let o(a) = -5 + h + 2 + a. Determine o(1).
0
Let z be 0*(-2)/(6 + -2). Let p(u) = -1 + z*u - 5*u + 2 + 3*u. What is p(-2)?
5
Let n(r) = r. Let p(y) = y**3 + y**2 - 8*y + 3. Let w(q) = -4*n(q) - p(q). Determine w(2).
-7
Suppose -r = -5*r + 48. Let g(d) = -d**3 + 12*d**2 + 1. Let k be g(r). Let l(t) = -5*t + 1. What is l(k)?
-4
Let s(f) = -3*f**2 + 17*f - 8. Let r be s(5). Let x(g) = -2*g**2 + 3*g - 1. Give x(r).
-3
Let u(m) = 38*m**2 + 0 - 4*m - 37*m**2 + 0. Determine u(5).
5
Let u(b) = -10*b**3 - 22*b**2 + 22*b + 16. Let w(q) = -3*q**3 - 7*q**2 + 7*q + 5. Let g(m) = -2*u(m) + 7*w(m). Determine g(-6).
9
Suppose 8 = -2*s + 12. Let z(v) be the third derivative of 3*v**s - 5/24*v**4 + 1/6*v**3 + 0 + 0*v. Give z(1).
-4
Suppose -3*s - 1 + 10 = 0. Let n(h) = 3*h - 4. Let f(k) = k. Let q(w) = -2*f(w) + n(w). Calculate q(s).
-1
Let f(z) = z - 8. Suppose -5*m - 63 = 77. Let y be (-44)/(-7) - (-8)/m. Calculate f(y).
-2
Suppose 2*l = -5*a - 33, -5*a = 5*l + 20 + 25. Let p(o) = -o**2 - 3*o + 6. Give p(a).
-4
Let r(c) = 6*c + 0*c - c - 2. Let w be 10/((-2)/(-4)*2). Let a be 5/w*(4 - 0). Give r(a).
8
Let n be 64/12 + 3/(-9). Let g(i) = -i**2 + 5 - n*i**2 + i**3 + 1 + 5*i. Calculate g(5).
6
Let z(f) = 2*f**2 - 29*f + 27*f - f**2 - 1. Give z(2).
-1
Let m = -1 + -4. Let x(k) = -1 - 9*k + 2*k + 0 - k**2. Calculate x(m).
9
Suppose -6*m + 2*m = 2*j, 0 = -m + 5*j + 22. Suppose -32 - 2 = 3*b - 5*t, -19 = -m*b - 5*t. Let i(p) = -2*p + 3. Determine i(b).
9
Let f(o) = o. Let c(y) = 2*y - 3. Let b(s) = -c(s) + 4*f(s). Determine b(-2).
-1
Let a be (4 - -1) + (-1 - 2) + 2. Let s(p) = 3*p - 2 - p - p. Calculate s(a).
2
Let t be (0 - 111)*(3 + -6). Let f be 2/(-13) + t/(-117). Let l(b) = b + 6. Determine l(f).
3
Let w = -5 - -5. Let o(u) = u**3 - 11*u**2 + 10*u + 3. Let m be o(10). Let r(a) = -4*a - 4 + m*a - 2. Give r(w).
-6
Let b(i) = -2*i - 2. Let g = 14 - 12. What is b(g)?
-6
Let d(n) = -n**2 - 9*n - 11. Let q be d(-8). Let u be (-4)/2 - q - 2. Let k(m) be the third derivative of m**4/8 - m**3/6 - 2*m**2. Calculate k(u).
-4
Let s(u) = 51*u - 4*u**2 - u**3 + 6 + 57*u - 105*u. Let m be (-1)/2 + 14/(-4). Determine s(m).
-6
Let i(w) = 30*w**2 - 2*w + 2. Let c be i(1). Suppose 5*g = 4*d - c, g + 2*g + 31 = 5*d. Let q(x) = -x**3 + 5*x**2 + x - 2. Give q(d).
3
Let y(g) = -g**2 - 2. Let c = -5 - 5. Let h = c - -14. Suppose 12 = -5*f - 2*a, h*f - 5*a + 6 = 3. Give y(f).
-6
Let k(q) = q**2 - 9*q + 8. Let h be k(8). Let p(u) be the first derivative of -2 + 3 + h*u - u + u**2. Calculate p(4).
7
Let l(k) = 9*k**3 + 11*k**2 + 2*k + 2. Let t(a) = -7*a**3 - 10*a**2 - 2*a - 3. Let i(y) = -3*l(y) - 4*t(y). Calculate i(-7).
-8
Suppose 3*z + 22 - 10 = 0. Let g(r) be the first derivative of r**6/360 + r**5/40 - r**4/8 - r**3 + 3. Let p(v) be the third derivative of g(v). Calculate p(z).
1
Let x(k) = -k + 2. Suppose -5 = -f - 3. Suppose w - 4*l = -f, -w + 5*l = -6*w - 60. Let s be ((-36)/30)/((-4)/w). Calculate x(s).
5
Let c(g) be the third derivative of g**6/120 - g**5/12 + g**4/8 + g**3/6 - 8*g**2. Give c(3).
-8
Let a(o) be the first derivative of -o**3/3 + 2*o + 1. Let w(q) = -q**3 + 13*q**2 - 23*q + 11. Let g be w(11). Calculate a(g).
2
Let r be 2 + (-33)/(-22)*(-4)/(-6). Let j(z) = z - 7. Give j(r).
-4
Let i(z) = 1 + 2*z - z + 1. Suppose 2*a = 4*w + 2 - 38, -3*w - 2*a + 27 = 0. Let p = 13 - w. Determine i(p).
6
Let u(k) = -k**2 - 4*k + 1. Let f(c) be the first derivative of -c**3/3 - 5*c**2/2 + 3. Let s(t) = -4*f(t) + 5*u(t). Give s(-4).
-11
Let m(t) = t - 7. Let k(n) = n**3 + 9. Let r be k(0). Let g be m(r). Let w(y) = -1 - 2*y**2 - 4*y**g + 5*y**2 + 5*y. What is w(3)?
5
Let d(j) = -4*j**2 - j + 2*j + 4*j - 3 + j**3. Let c(l) = l**3 + 2*l**2 + l + 2. Let r be c(-2). Suppose 0 = 4*f - r*f - 12. What is d(f)?
3
Let j(c) = c - 2. Let k = 23 - 7. Let u = k + -18. Calculate j(u).
-4
Let c(g) be the second derivative of g**5/20 - g**4/6 - 5*g**3/6 + g**2 - 7*g. Give c(3).
-4
Suppose 5*i + 25 = -0*i. Let k(n) = 1 - 4*n**2 + n**2 + 2*n**2 - 6*n. Give k(i).
6
Let u be 10*2/24*(0 - -6). Let i(n) = -n**3 - n**2 - 1. Let r(y) = 5*y**3 + 12*y**2 - 4*y + 9. Let f(c) = 6*i(c) + r(c). Calculate f(u).
8
Suppose 5*t = 3*t. Let h = 0 - 5. Let r = h + t. Let z(c) = c**3 + 4*c**2 - 3*c + 6. Determine z(r).
-4
Suppose 3*c = 3*p - 10 + 1, -9 = -3*p + c. Let d(u) = -u. Let w(o) = 2*o + 12. Let k(x) = p*d(x) + w(x). What is k(5)?
7
Let q(g) = 2*g**3. Let f = 20 + -18. Let k(u) = -u**2 + 4*u - 5. Let b be k(f). Give q(b).
-2
Let s(b) be the third derivative of -b**6/120 - b**5/15 - b**4/6 - b**3/2 - 2*b**2. Let g(o) = o**2 + 12*o - 15. Let r be g(-13). Give s(r).
-3
Let d = -63 + 68. Let a(f) = -2*f + 4. Calculate a(d).
-6
Let x(j) = -j**2 - 10*j - 12. Suppose 3*m = 5*z + m + 42, -5*z = -3*m + 43. Let l be x(z). Let u(d) = -d**3 + 5*d**2 - 3*d - 5. Determine u(l).
-1
Suppose 0 = 3*y - x - 25, 4*x - 2*x = 4*y - 30. Let l(h) = -h + 12. Determine l(y).
2
Let w be (20/15)/((-4)/(-6)). Suppose -5*b + w*y + 2*y = -16, 4*b - 4*y = 12. Suppose r - b = -3*v, -5*r = -2*r - v - 12. Let n(a) = a - 5. Calculate n(r).
-1
Let c(u) = 3*u**2 + 4*u - 3. Let p be c(2). Suppose -3*b - 2 = -p. Let w(h) = 2*h - 2. Give w(b).
8
Let b(x) = 3*x + 1. Suppose -5*p + 4*h + 11 = 0, 2*p + 5*h = -2*p + 17. Let n be 2*(p/2)/(-3). Give b(n).
-2
Let q(y) = -5*y**3 - y**2 - 5*y - 10. Let w(s) = -9*s**3 - 3*s**2 - 10*s - 20. Let m(c) = -11*q(c) + 6*w(c). Determine m(8).
14
Let j(v) be the second derivative of -1/6*v**3 - 6*v**2 - 6*v + 0. What is j(-6)?
-6
Suppose 0 = 5*k - 0 - 25. Let b(h) = 5*h + 6. Let i(d) be the third derivative of d**4/4 + d**3 - 5*d**2. Let t(c) = -7*b(c) + 6*i(c). Calculate t(k).
-1
Let f = 3 + -1. Let i be (5/2)/(f/(-4)). Let z(r) = -11*r**2 - 15*r - 5. Let q(x) = 4*x**2 + 5*x + 2. Let p(o) = 8*q(o) + 3*z(o). What is p(i)?
1
Let u = 9 + -8. Let g(r) = 15*r - 1. Give g(u).
14
Let p(j) = j - 7. Let k be (-20)/(-2) - (-1 + 2). Let v be p(k). Let o(g) be the third derivative of g**4/24 + g**3/6 + g**2. What is o(v)?
3
Suppose 36 = 5*m + 3*n, -6 = -n + 3*n. Suppose k = -2*k + m. Let f(c) = 3*c + 1 - 5*c + 1. Give f(k).
-4
Let c(x) = -x + 13. Let v be c(11). Let y(b) = -v - 4 - 3*b**3 - 2*b + 5 - 2*b**2. Let w = 3 + -4. Give y(w).
2
Let t(p) = -2*p + 3. Let k(w) = 5*w - 10. Let b(n) = -2*n**3 - n**2 - 2*n - 1. Let a be b(-1). Suppose -g = -a*g - 2. Let f(j) = g*k(j) - 7*t(j). Give f(-2).
-9
Let a(v) = v - 7. Let w be 8 + 4 + (-5 - 2). What is a(w)?
-2
Let h(r) = 1 - 3*r - 3 + 0. Suppose 2*t + 0*t - 3*o = -5, 0 = -2*o - 6. Let b = 5 + t. Calculate h(b).
4
Let s be (-3)/12 - 9/(-4). Let z(t) be the second derivative of t**4/12 - t**3/2 + 3*t**2/2 + 2*t. Calculate z(s).
1
Suppose -4 = -2*d + 6. Let v(a) = -4*a - d*a**2 - a**3 + 0*a - 3 + 1. Let r(y) = y**3 - y - 3. Let x be r(0). Calculate v(x).
-8
Let o = -186 - -178. Let h(y) = -y**3 - 9*y**2 - 8*y + 1. Calculate h(o).
1
Let o(r) = r**2 + 9*r - 8.